5 = 0, 5 = 2*c + 3*w + 12. What are the prime factors of f(c)?
29
What are the prime factors of 1 - (0 - (2 + -4) - 292)?
3, 97
Suppose -2*d - 1 + 5 = 0. Suppose d*o = -3*o + 130. Suppose -s + 2*v = 3*v - 12, -3*v + o = 2*s. List the prime factors of s.
2, 5
List the prime factors of 1272 - (49/(-21))/((-5)/(-15)).
1279
Suppose -82 = -3*t + 47. Suppose 0 = 6*x - 803 + 89. Let y = x - t. What are the prime factors of y?
2, 19
Suppose -5*x + 5113 = -4*i, -3*x + 7*x = -i + 4103. What are the prime factors of x?
5, 41
Let t = 54 + -38. Let k(g) = t*g - 16 + 4*g**3 - 4*g**3 + 0 - 14*g**2 + g**3. What are the prime factors of k(13)?
23
Let b(s) = s**3 + s**2 + 1. Let x(r) = -6*r**3 + 7*r**2 - 23*r - 8. Let g(t) = -5*b(t) - x(t). What are the prime factors of g(10)?
3, 11
Let g(y) = 5*y + 5*y - y**2 + 0*y + 7 + 6*y. What are the prime factors of g(12)?
5, 11
Let i(g) = 15*g**2 - 2*g - 4. Let c(h) = 4*h - 9. Let m be c(3). Suppose -5*b - m = 7. What are the prime factors of i(b)?
2, 3, 5
Let n(w) = 4*w**3 - 7*w**2 - 35*w + 139. What are the prime factors of n(7)?
13, 71
Let l(q) = q - 10. Let w be l(12). Suppose -s = 3*v - 169, 2*s - 4*v - 298 = -w*v. What are the prime factors of s?
2, 7, 11
Let h(r) = 38*r + 196. What are the prime factors of h(20)?
2, 239
What are the prime factors of ((-2 - -3)*-7)/(26/(-988))?
2, 7, 19
Suppose 0 = 15*m + 24807 - 73647. List the prime factors of m.
2, 11, 37
Let v = -17 + 34. Let z = 14 + -14. Let t = v - z. List the prime factors of t.
17
Suppose 3*q + 0*b + 18 = 2*b, 2*q = -b - 19. Let s = q + 12. Let i = 6 - s. What are the prime factors of i?
2
Suppose 1071 = 11*m - 1690. List the prime factors of m.
251
Let t be (-39)/6*-2*(6 - 2). List the prime factors of (7/14)/(2/t).
13
Let n = 2047 - 1004. List the prime factors of n.
7, 149
Suppose -27*y + 968 = -23*y. What are the prime factors of y?
2, 11
Let y(r) = -2*r - 1. Let k = 10 - 21. Let q be y(k). Let z = q - 2. What are the prime factors of z?
19
Suppose -297 - 218 = 5*u. Let c = -53 - u. What are the prime factors of c?
2, 5
What are the prime factors of 31968/132 - 2/11?
2, 11
Let j(y) = y**3 + 9*y**2 - 166*y - 19. What are the prime factors of j(11)?
5, 23
What are the prime factors of (2012/(-3))/4*(1 - 4)?
503
Let s = 16 + -12. Let a be s/22 + 18/22. What are the prime factors of 1 + -3 + 8/a?
2, 3
Suppose -b + 491 + 463 = 3*y, 3*b - 5*y - 2820 = 0. What are the prime factors of b?
3, 5, 7
Let g be ((-113)/(-5))/((-5)/(-25)). Let c(u) = u - 79. Let i be c(0). Let t = g + i. List the prime factors of t.
2, 17
Suppose 4*c + 0*x - 12628 = 4*x, -5*x - 6299 = -2*c. List the prime factors of c.
2, 3, 17, 31
Suppose 5*q - 529 = 1. Let k = -56 + q. What are the prime factors of k?
2, 5
Let h(s) = -s**2 - 15*s - 17. Let m be h(-7). Suppose 3*q - 51 = m. What are the prime factors of q?
2, 3, 5
Let v = 1107 - 1038. What are the prime factors of v?
3, 23
Suppose 0 = 4*p - 4*n - 20, 12 = 3*n - 7*n. List the prime factors of 24 - (5 - 3)/p.
23
Suppose 4128 = 2*y + 4*u, -3*y = -0*y - 3*u - 6210. What are the prime factors of y?
2, 11, 47
Let g = -433 + 309. What are the prime factors of (99/4)/((-31)/g)?
3, 11
Suppose -8 = -2*d + 2. Suppose -279 = -d*b + 251. List the prime factors of b.
2, 53
Suppose -5*x + 4 = -6. List the prime factors of (-1585)/(-10) - 1/x.
2, 79
Suppose 18 = k + 7. Suppose -f + 38 = -0*f. Let p = f - k. What are the prime factors of p?
3
Let c = -14 + 17. Suppose 2*t - c*s - 164 = 0, -5*t + 412 + 32 = s. What are the prime factors of t?
2, 11
Let v(c) = -c + 1. Let l be v(-8). Let a be (-2)/4*0/l. Suppose a = -4*j + j + 72. List the prime factors of j.
2, 3
Let d(m) = m**3 + m - 5. Let g be d(0). Let r(w) = -3*w - 4. What are the prime factors of r(g)?
11
Let m(n) = -2*n + 0*n**3 + 1 + n**3 + 3 - 5*n**2 + 5*n. Let q be m(4). List the prime factors of -1*(-24 - (q + -1)).
23
Let j = 173 - 133. Let w = 7 + -3. Suppose 0 = 3*n - 2*x - 22, x + j = 5*n - w*x. What are the prime factors of n?
2, 3
Let k(a) = 22*a + 4. Suppose -6*o = -o - 5. List the prime factors of k(o).
2, 13
Suppose 3*x + 2*x = 0. Suppose 9*r - 4*r + 50 = x. What are the prime factors of (5/r)/(5/(-110))?
11
Let w = -2386 - -5163. What are the prime factors of w?
2777
Let h = -16 + 31. Let m be (38/95)/((-1)/(-40)). Suppose 0 = -h*f + m*f - 45. What are the prime factors of f?
3, 5
Let a be (-12)/20 - -42*2/15. Suppose 2*k + 2*n = 164, a*k + 6*n - 405 = 2*n. List the prime factors of k.
7, 11
Let g = 45 - 98. Let u = 112 + g. List the prime factors of u.
59
Suppose 1290 - 102 = 4*h. Suppose 6*w + 183 = 3*o + 9*w, -w = 5*o - h. List the prime factors of o.
59
Suppose 3*s = -4*a + 753, a - 212 = -s + 40. Let z = s + -91. What are the prime factors of z?
2, 41
Let h be (6 - 3 - (2 - -1)) + 6. Let w(r) = -r**2 + 2*r. Let v be w(2). Suppose -2*x + q = 6 - 63, v = 2*q - h. What are the prime factors of x?
2, 3, 5
Suppose 3*l = -4*q - 2*l + 61, 3*q + 5*l = 52. Let c be 6/q*(7 + 2). List the prime factors of ((-56)/6)/((-4)/c).
2, 7
Let l = -2 - -6. Let v = -13 + l. List the prime factors of 6/v + 71/3.
23
Let t = -422 + 752. List the prime factors of t.
2, 3, 5, 11
Suppose -3*h + 5*u = -2*h - 169, 0 = -2*h - u + 327. What are the prime factors of h?
2, 41
Let b = 219 + 70. List the prime factors of b.
17
Let n(z) = 64*z**2 + 16*z - 124. What are the prime factors of n(8)?
2, 5, 41
Suppose 4*d + 56 = -4*l, l = d - 6*d - 26. Let w = 14 + l. Suppose 2*i - w = 31. List the prime factors of i.
17
What are the prime factors of (42/6)/((-6)/(-381*4))?
2, 7, 127
Let l(a) = -a + 10. Let p be l(10). Suppose -4*r + 175 - 19 = p. What are the prime factors of r?
3, 13
Let p(f) = 4*f**2 + 3*f - 80. What are the prime factors of p(17)?
7, 23
Let d(x) be the second derivative of -x**4/12 - 17*x**3/6 + 19*x**2/2 + 387*x. Suppose -8*c - 60 = -4*c. What are the prime factors of d(c)?
7
Let y be (-3)/2 + 143/2. Let j = 150 - y. Suppose -3*t + 47 = -0*t + 4*l, 0 = -5*t - 5*l + j. List the prime factors of t.
17
Let g be (-1280)/(-3) + (-3)/((-27)/(-6)). Let o = g - 247. What are the prime factors of o?
179
Suppose -6*r = 164 - 1046. What are the prime factors of r?
3, 7
Suppose -2*d = 2*z - 5*d - 93, -3*z = 5*d - 111. Suppose -t = -8*t - z. List the prime factors of 40 - (t + (5 - 2)).
43
Let p(n) = n**3 - 4*n**2 - 8*n - 10. Let s be p(9). Let q = 455 - s. List the prime factors of q.
2, 3, 11
Let p(l) = -l**3 - 7*l**2 - 6*l + 5. Let z be p(-6). Suppose -z*c = -11 + 71. What are the prime factors of ((-4)/(-2))/((-3)/c)?
2
Let s = 29 - 27. Suppose 2*z = -s*y + 74, -y - 1 = -2*y. Suppose -116 - z = -2*u. List the prime factors of u.
2, 19
Suppose 23*x + 1678 = 8578. What are the prime factors of x?
2, 3, 5
Let z be (8/3)/((-2)/(-195)). Suppose 2*u = 0, 0*i - 5*i - u = -z. List the prime factors of i.
2, 13
Let c(q) = -1990*q + 454. What are the prime factors of c(-2)?
2, 3, 739
Suppose -2*u - 5 = s, -5*s = u - 4*u - 40. Let j(c) = -17*c + 14. What are the prime factors of j(u)?
3, 11
List the prime factors of (-107 - 1)*1575/(-252).
3, 5
Suppose 0 = y - 4*h - 390 + 27, -373 = -y - h. List the prime factors of y.
7, 53
Let c = 4050 + -2489. What are the prime factors of c?
7, 223
Let g(k) = -9*k + 1. Let d be g(-4). Suppose 3*a - d = 5*j + 13, -4*j + 26 = 2*a. Let h = 54 - a. What are the prime factors of h?
3, 13
Suppose -5*t + 8460 = 10*t. Let l = -364 + t. List the prime factors of l.
2, 5
What are the prime factors of (-3 - (1 - 3)) + 2456?
5, 491
Let z be (1/(-1) - -2) + 3. Suppose 0*b + 16 = z*b. Suppose 4*n = -b*g + n + 118, -3*n = -5*g + 134. What are the prime factors of g?
2, 7
Let r = -1167 + 2015. List the prime factors of r.
2, 53
Let p(v) = -2*v**2 + 22*v + 1. Let c be p(11). Suppose c = 4*j - 15. Suppose 8*y + j = 212. What are the prime factors of y?
2, 13
Let q be -1*(1 - (0 + -3 + 4)). Suppose 7*c = 3*c + 2*f + 118, 4*f - 12 = q. List the prime factors of c.
31
Suppose g + 4*l - 490 = 0, -6*g + 5*g - 5*l + 493 = 0. Suppose -5*a + g = 3*u, 0*u - u + a + 154 = 0. What are the prime factors of u?
2, 3, 13
Let g = 458 + -240. What are the prime factors of g?
2, 109
Let n(s) = -54*s + 197. What are the prime factors of n(-20)?
1277
Suppose -2*u - u - 238 = -s, 0 = -4*s - 4*u + 968. Suppose 